{"id":8821,"date":"2026-01-26T14:51:00","date_gmt":"2026-01-26T14:51:00","guid":{"rendered":"https:\/\/pro-personal.com\/?page_id=8821"},"modified":"2026-02-15T21:11:40","modified_gmt":"2026-02-15T21:11:40","slug":"impressum","status":"publish","type":"page","link":"https:\/\/pro-personal.com\/?page_id=8821","title":{"rendered":"Impressum"},"content":{"rendered":"\t\t<div data-elementor-type=\"wp-page\" data-elementor-id=\"8821\" class=\"elementor elementor-8821\" data-elementor-post-type=\"page\">\n\t\t\t\t<div class=\"elementor-element elementor-element-73c46c84 e-flex e-con-boxed e-con e-parent\" data-id=\"73c46c84\" data-element_type=\"container\" data-e-type=\"container\">\n\t\t\t\t\t<div class=\"e-con-inner\">\n\t\t\t\t<div class=\"elementor-element elementor-element-5ae62f0e elementor-widget elementor-widget-text-editor\" data-id=\"5ae62f0e\" data-element_type=\"widget\" data-e-type=\"widget\" data-widget_type=\"text-editor.default\">\n\t\t\t\t\t\t\t\t\t<p><\/p>\n<h3 class=\"wp-block-heading\">Angaben gem\u00e4\u00df \u00a7 5 TMG<\/h3>\n<p><\/p>\n<p><strong>ProPersonal Point UG (haftungsbeschr\u00e4nkt)<\/strong><\/p>\n<p><\/p>\n<p>Am Waasacker 6<\/p>\n<p><\/p>\n<p>50171 Kerpen<\/p>\n<p><\/p>\n<p><strong>Vertreten durch:<\/strong> Ulas Ilhan (Gesch\u00e4ftsf\u00fchrer)<\/p>\n<p><\/p>\n<hr class=\"wp-block-separator has-alpha-channel-opacity\">\n<p><\/p>\n<h3 class=\"wp-block-heading\">Kontakt<\/h3>\n<p><\/p>\n<p><strong>Telefon:<\/strong> +49 2237 5069328<\/p>\n<p><\/p>\n<p><strong>E-Mail:<\/strong> info@pro-personal.com<\/p>\n<p><\/p>\n<p><strong>Website:<\/strong> <a href=\"https:\/\/www.google.com\/search?q=https:\/\/www.pro-personal.com\" target=\"_blank\" rel=\"noreferrer noopener\">www.pro-personal.com<\/a><\/p>\n<p><\/p>\n<hr class=\"wp-block-separator has-alpha-channel-opacity\">\n<p><\/p>\n<h3 class=\"wp-block-heading\">Registereintrag<\/h3>\n<p><\/p>\n<p><strong>Registergericht:<\/strong> Amtsgericht K\u00f6ln<\/p>\n<p><\/p>\n<p><strong>Registernummer:<\/strong> HRB 124418<\/p>\n<p><\/p>\n<hr class=\"wp-block-separator has-alpha-channel-opacity\">\n<p><\/p>\n<h3 class=\"wp-block-heading\">Aufsichtsbeh\u00f6rde (gem\u00e4\u00df \u00a7 5 Abs. 1 Nr. 5 TMG)<\/h3>\n<p><\/p>\n<p>Da der Unternehmensgegenstand die gewerbliche Arbeitnehmer\u00fcberlassung nach dem A\u00dcG umfasst, ist folgende Beh\u00f6rde f\u00fcr die Erteilung und \u00dcberwachung der Erlaubnis zust\u00e4ndig:<\/p>\n<p><\/p>\n<p><strong>Bundesagentur f\u00fcr Arbeit<\/strong> Agentur f\u00fcr Arbeit D\u00fcsseldorf<\/p>\n<p><\/p>\n<p>Grafenberger Allee 300<\/p>\n<p><\/p>\n<p>40237 D\u00fcsseldorf<\/p>\n<p><\/p>\n<hr class=\"wp-block-separator has-alpha-channel-opacity\">\n<p><\/p>\n<h3 class=\"wp-block-heading\">Umsatzsteuer-ID<\/h3>\n<p><\/p>\n<p><strong>Umsatzsteuer-Identifikationsnummer gem\u00e4\u00df \u00a7 27 a Umsatzsteuergesetz:<\/strong><\/p>\n<p><\/p>\n<p>DE458955475<\/p>\n<p><\/p>\n<hr class=\"wp-block-separator has-alpha-channel-opacity\">\n<p><\/p>\n<h3 class=\"wp-block-heading\">Redaktionell verantwortlich<\/h3>\n<p><\/p>\n<p>Ulas Ilhan<\/p>\n<p><\/p>\n<p>Am Waasacker 6<\/p>\n<p><\/p>\n<p>50171 Kerpen<\/p>\n<p><\/p>\n<hr class=\"wp-block-separator has-alpha-channel-opacity\">\n<p><\/p>\n<h3 class=\"wp-block-heading\">EU-Streitschlichtung<\/h3>\n<p><\/p>\n<p>Die Europ\u00e4ische Kommission stellt eine Plattform zur Online-Streitbeilegung (OS) bereit: <a href=\"https:\/\/ec.europa.eu\/consumers\/odr\/\" target=\"_blank\" rel=\"noreferrer noopener\">https:\/\/ec.europa.eu\/consumers\/odr\/<\/a>.<\/p>\n<p><\/p>\n<p>Unsere E-Mail-Adresse finden Sie oben im Impressum.<\/p>\n<p><\/p>\n<h3 class=\"wp-block-heading\">Verbraucherstreitbeilegung\/Universalschlichtungsstelle<\/h3>\n<p><\/p>\n<p>Wir sind nicht bereit oder verpflichtet, an Streitbeilegungsverfahren vor einer Verbraucherschlichtungsstelle teilzunehmen.<\/p>\n<p><\/p>\n<p><\/p>\t\t\t\t\t\t\t\t<\/div>\n\t\t\t\t\t<\/div>\n\t\t\t\t<\/div>\n\t\t\t\t<\/div>\n\t\t","protected":false},"excerpt":{"rendered":"<p>Angaben gem\u00e4\u00df \u00a7 5 TMG ProPersonal Point UG (haftungsbeschr\u00e4nkt) Am Waasacker 6 50171 Kerpen Vertreten durch: Ulas Ilhan (Gesch\u00e4ftsf\u00fchrer) Kontakt Telefon: +49 2237 5069328 E-Mail: info@pro-personal.com Website: www.pro-personal.com Registereintrag Registergericht: Amtsgericht K\u00f6ln Registernummer: HRB 124418 Aufsichtsbeh\u00f6rde (gem\u00e4\u00df \u00a7 5 Abs. 1 Nr. 5 TMG) Da der Unternehmensgegenstand die gewerbliche Arbeitnehmer\u00fcberlassung nach dem A\u00dcG umfasst, ist [&hellip;]<\/p>\n","protected":false},"author":1,"featured_media":0,"parent":0,"menu_order":0,"comment_status":"closed","ping_status":"closed","template":"","meta":{"footnotes":""},"class_list":["post-8821","page","type-page","status-publish","hentry"],"yoast_head":"<!-- This site is optimized with the Yoast SEO Premium plugin v26.8 (Yoast SEO v26.9) - https:\/\/yoast.com\/product\/yoast-seo-premium-wordpress\/ -->\n<title>Impressum - ProPersonal Point<\/title>\n<meta name=\"robots\" content=\"index, follow, max-snippet:-1, max-image-preview:large, max-video-preview:-1\" \/>\n<link rel=\"canonical\" href=\"https:\/\/pro-personal.com\/?page_id=8821\" \/>\n<meta property=\"og:locale\" content=\"de_DE\" \/>\n<meta property=\"og:type\" content=\"article\" \/>\n<meta property=\"og:title\" content=\"Impressum\" \/>\n<meta property=\"og:description\" content=\"Angaben gem\u00e4\u00df \u00a7 5 TMG ProPersonal Point UG (haftungsbeschr\u00e4nkt) Am Waasacker 6 50171 Kerpen Vertreten durch: Ulas Ilhan (Gesch\u00e4ftsf\u00fchrer) Kontakt Telefon: +49 2237 5069328 E-Mail: info@pro-personal.com Website: www.pro-personal.com Registereintrag Registergericht: Amtsgericht K\u00f6ln Registernummer: HRB 124418 Aufsichtsbeh\u00f6rde (gem\u00e4\u00df \u00a7 5 Abs. 1 Nr. 5 TMG) Da der Unternehmensgegenstand die gewerbliche Arbeitnehmer\u00fcberlassung nach dem A\u00dcG umfasst, ist [&hellip;]\" \/>\n<meta property=\"og:url\" content=\"https:\/\/pro-personal.com\/?page_id=8821\" \/>\n<meta property=\"og:site_name\" content=\"ProPersonal Point\" \/>\n<meta property=\"article:modified_time\" content=\"2026-02-15T21:11:40+00:00\" \/>\n<meta name=\"twitter:card\" content=\"summary_large_image\" \/>\n<meta name=\"twitter:label1\" content=\"Gesch\u00e4tzte Lesezeit\" \/>\n\t<meta name=\"twitter:data1\" content=\"1\u00a0Minute\" \/>\n<script type=\"application\/ld+json\" class=\"yoast-schema-graph\">{\"@context\":\"https:\/\/schema.org\",\"@graph\":[{\"@type\":\"WebPage\",\"@id\":\"https:\/\/pro-personal.com\/?page_id=8821\",\"url\":\"https:\/\/pro-personal.com\/?page_id=8821\",\"name\":\"Impressum - ProPersonal Point\",\"isPartOf\":{\"@id\":\"https:\/\/pro-personal.com\/#website\"},\"datePublished\":\"2026-01-26T14:51:00+00:00\",\"dateModified\":\"2026-02-15T21:11:40+00:00\",\"breadcrumb\":{\"@id\":\"https:\/\/pro-personal.com\/?page_id=8821#breadcrumb\"},\"inLanguage\":\"de\",\"potentialAction\":[{\"@type\":\"ReadAction\",\"target\":[\"https:\/\/pro-personal.com\/?page_id=8821\"]}]},{\"@type\":\"BreadcrumbList\",\"@id\":\"https:\/\/pro-personal.com\/?page_id=8821#breadcrumb\",\"itemListElement\":[{\"@type\":\"ListItem\",\"position\":1,\"name\":\"Start\",\"item\":\"https:\/\/pro-personal.com\/\"},{\"@type\":\"ListItem\",\"position\":2,\"name\":\"Impressum\"}]},{\"@type\":\"WebSite\",\"@id\":\"https:\/\/pro-personal.com\/#website\",\"url\":\"https:\/\/pro-personal.com\/\",\"name\":\"ProPersonal Point\",\"description\":\"Arbeitnehmer\u00fcberlassung - Personalvermittlung\",\"publisher\":{\"@id\":\"https:\/\/pro-personal.com\/#organization\"},\"potentialAction\":[{\"@type\":\"SearchAction\",\"target\":{\"@type\":\"EntryPoint\",\"urlTemplate\":\"https:\/\/pro-personal.com\/?s={search_term_string}\"},\"query-input\":{\"@type\":\"PropertyValueSpecification\",\"valueRequired\":true,\"valueName\":\"search_term_string\"}}],\"inLanguage\":\"de\"},{\"@type\":\"Organization\",\"@id\":\"https:\/\/pro-personal.com\/#organization\",\"name\":\"ProPersonal Point UG\",\"alternateName\":\"ProPersonal Point UG\",\"url\":\"https:\/\/pro-personal.com\/\",\"logo\":{\"@type\":\"ImageObject\",\"inLanguage\":\"de\",\"@id\":\"https:\/\/pro-personal.com\/#\/schema\/logo\/image\/\",\"url\":\"https:\/\/pro-personal.com\/wp-content\/uploads\/2021\/03\/logo.schriftzug.svg\",\"contentUrl\":\"https:\/\/pro-personal.com\/wp-content\/uploads\/2021\/03\/logo.schriftzug.svg\",\"caption\":\"ProPersonal Point UG\"},\"image\":{\"@id\":\"https:\/\/pro-personal.com\/#\/schema\/logo\/image\/\"},\"publishingPrinciples\":\"https:\/\/pro-personal.com\/?page_id=38\",\"ethicsPolicy\":\"https:\/\/pro-personal.com\/?page_id=3\",\"diversityPolicy\":\"https:\/\/pro-personal.com\/?page_id=3\",\"diversityStaffingReport\":\"https:\/\/pro-personal.com\/?page_id=3\"}]}<\/script>\n<!-- \/ Yoast SEO Premium plugin. -->","yoast_head_json":{"title":"Impressum - ProPersonal Point","robots":{"index":"index","follow":"follow","max-snippet":"max-snippet:-1","max-image-preview":"max-image-preview:large","max-video-preview":"max-video-preview:-1"},"canonical":"https:\/\/pro-personal.com\/?page_id=8821","og_locale":"de_DE","og_type":"article","og_title":"Impressum","og_description":"Angaben gem\u00e4\u00df \u00a7 5 TMG ProPersonal Point UG (haftungsbeschr\u00e4nkt) Am Waasacker 6 50171 Kerpen Vertreten durch: Ulas Ilhan (Gesch\u00e4ftsf\u00fchrer) Kontakt Telefon: +49 2237 5069328 E-Mail: info@pro-personal.com Website: www.pro-personal.com Registereintrag Registergericht: Amtsgericht K\u00f6ln Registernummer: HRB 124418 Aufsichtsbeh\u00f6rde (gem\u00e4\u00df \u00a7 5 Abs. 1 Nr. 5 TMG) Da der Unternehmensgegenstand die gewerbliche Arbeitnehmer\u00fcberlassung nach dem A\u00dcG umfasst, ist [&hellip;]","og_url":"https:\/\/pro-personal.com\/?page_id=8821","og_site_name":"ProPersonal Point","article_modified_time":"2026-02-15T21:11:40+00:00","twitter_card":"summary_large_image","twitter_misc":{"Gesch\u00e4tzte Lesezeit":"1\u00a0Minute"},"schema":{"@context":"https:\/\/schema.org","@graph":[{"@type":"WebPage","@id":"https:\/\/pro-personal.com\/?page_id=8821","url":"https:\/\/pro-personal.com\/?page_id=8821","name":"Impressum - ProPersonal Point","isPartOf":{"@id":"https:\/\/pro-personal.com\/#website"},"datePublished":"2026-01-26T14:51:00+00:00","dateModified":"2026-02-15T21:11:40+00:00","breadcrumb":{"@id":"https:\/\/pro-personal.com\/?page_id=8821#breadcrumb"},"inLanguage":"de","potentialAction":[{"@type":"ReadAction","target":["https:\/\/pro-personal.com\/?page_id=8821"]}]},{"@type":"BreadcrumbList","@id":"https:\/\/pro-personal.com\/?page_id=8821#breadcrumb","itemListElement":[{"@type":"ListItem","position":1,"name":"Start","item":"https:\/\/pro-personal.com\/"},{"@type":"ListItem","position":2,"name":"Impressum"}]},{"@type":"WebSite","@id":"https:\/\/pro-personal.com\/#website","url":"https:\/\/pro-personal.com\/","name":"ProPersonal Point","description":"Arbeitnehmer\u00fcberlassung - Personalvermittlung","publisher":{"@id":"https:\/\/pro-personal.com\/#organization"},"potentialAction":[{"@type":"SearchAction","target":{"@type":"EntryPoint","urlTemplate":"https:\/\/pro-personal.com\/?s={search_term_string}"},"query-input":{"@type":"PropertyValueSpecification","valueRequired":true,"valueName":"search_term_string"}}],"inLanguage":"de"},{"@type":"Organization","@id":"https:\/\/pro-personal.com\/#organization","name":"ProPersonal Point UG","alternateName":"ProPersonal Point UG","url":"https:\/\/pro-personal.com\/","logo":{"@type":"ImageObject","inLanguage":"de","@id":"https:\/\/pro-personal.com\/#\/schema\/logo\/image\/","url":"https:\/\/pro-personal.com\/wp-content\/uploads\/2021\/03\/logo.schriftzug.svg","contentUrl":"https:\/\/pro-personal.com\/wp-content\/uploads\/2021\/03\/logo.schriftzug.svg","caption":"ProPersonal Point UG"},"image":{"@id":"https:\/\/pro-personal.com\/#\/schema\/logo\/image\/"},"publishingPrinciples":"https:\/\/pro-personal.com\/?page_id=38","ethicsPolicy":"https:\/\/pro-personal.com\/?page_id=3","diversityPolicy":"https:\/\/pro-personal.com\/?page_id=3","diversityStaffingReport":"https:\/\/pro-personal.com\/?page_id=3"}]}},"_links":{"self":[{"href":"https:\/\/pro-personal.com\/index.php?rest_route=\/wp\/v2\/pages\/8821","targetHints":{"allow":["GET"]}}],"collection":[{"href":"https:\/\/pro-personal.com\/index.php?rest_route=\/wp\/v2\/pages"}],"about":[{"href":"https:\/\/pro-personal.com\/index.php?rest_route=\/wp\/v2\/types\/page"}],"author":[{"embeddable":true,"href":"https:\/\/pro-personal.com\/index.php?rest_route=\/wp\/v2\/users\/1"}],"replies":[{"embeddable":true,"href":"https:\/\/pro-personal.com\/index.php?rest_route=%2Fwp%2Fv2%2Fcomments&post=8821"}],"version-history":[{"count":8,"href":"https:\/\/pro-personal.com\/index.php?rest_route=\/wp\/v2\/pages\/8821\/revisions"}],"predecessor-version":[{"id":9058,"href":"https:\/\/pro-personal.com\/index.php?rest_route=\/wp\/v2\/pages\/8821\/revisions\/9058"}],"wp:attachment":[{"href":"https:\/\/pro-personal.com\/index.php?rest_route=%2Fwp%2Fv2%2Fmedia&parent=8821"}],"curies":[{"name":"wp","href":"https:\/\/api.w.org\/{rel}","templated":true}]}}